*y - n. Suppose 0*f - 3*f + 99 = 0. Calculate the highest common divisor of y and f.
11
Let j be (5/(-5) - 0) + (-1221)/(-3). What is the greatest common factor of j and 58?
58
Suppose 2*c = -2*m + 134, 16*m - 15*m = c - 65. Calculate the highest common factor of 143 and c.
11
Let k be -38 + 32 + (3 - -48). Calculate the greatest common factor of 65 and k.
5
Let v = -1455 - -1519. What is the highest common factor of v and 1?
1
Let g = 108 + -104. Suppose -6*b + 140 = g*b. Let k be 506/4 + 3/(-6). What is the greatest common factor of k and b?
14
Suppose 4*l = -4*n, 3*l - 5*n + 12 = -20. Let g be 7 + (8/l)/(-2). What is the highest common divisor of 8 and g?
8
Let d = 464 + -338. What is the greatest common divisor of d and 90?
18
Let s = -188 + 119. Let q = -63 - s. What is the greatest common factor of 30 and q?
6
Let w(b) = -b**2 + 8. Let a be w(0). Suppose 2*r + 4*n - 8 = 0, 4*r + 2*n - 6*n + 8 = 0. Let q = a - r. What is the greatest common factor of q and 56?
8
Let l(f) = f**2 - 33*f - 50. Let b be l(38). What is the highest common divisor of 28 and b?
28
Let z = 138 + -85. Suppose -5*c - 13 = -z. Suppose 2*d + 2*d = 256. What is the highest common factor of d and c?
8
Let d = 34 - 1. Suppose 0 = 3*q - 18 - d. What is the greatest common factor of 187 and q?
17
Let i(c) = c - 4. Let l be i(5). Suppose -4*d = -4*b + 36, 4*b - 2*d = 5*b + 6. What is the highest common divisor of l and b?
1
Let k(j) be the first derivative of j**3/3 + j**2/2 - 21*j + 17. Let v be k(8). Calculate the highest common divisor of 17 and v.
17
Let q = -20 - -44. Suppose -2*w + q = -4*w. Let c be (4/w)/(3/(-9)). Calculate the greatest common divisor of c and 5.
1
Suppose -h - 23 - 28 = 0. Let n = -16 - h. Calculate the highest common divisor of n and 350.
35
Let l(k) = k**2 - 5*k - 5. Let g be l(5). Let i(v) = -2*v**2 - 13*v - 11. Let t be i(g). Calculate the greatest common divisor of t and 6.
2
Suppose 0 = 2*v - 10, 18*t - 14*t = 4*v + 736. Calculate the greatest common factor of t and 27.
27
Suppose -2*u - 5*b + 428 = -60, -20 = -5*b. Calculate the greatest common factor of u and 26.
26
Suppose -5*k + 110 + 330 = 0. Suppose 4*u = 8*u - 16. Suppose -3*v = 3*x - 54, -15 - 13 = -2*x - u*v. What is the greatest common factor of k and x?
22
Let t = -3 - -5. Suppose -p - c = -135, p - 152 = -2*c - 16. Suppose t*u - 2*o - 136 = -2*u, -p = -4*u + o. Calculate the greatest common factor of 22 and u.
11
Suppose -d - 332 - 63 = -4*o, 3*o + 5*d = 279. What is the greatest common factor of 2 and o?
2
Let g be 4*(-9)/(-60)*-5. Let u be -2 - (-2 - -428)/g. Suppose 0*a = -2*a + u. Calculate the highest common factor of 14 and a.
14
Let d be (1 + (-27)/18)*-40. Calculate the highest common factor of 170 and d.
10
Suppose 4*v - p - 430 = 14, 2*p = 2*v - 216. Calculate the highest common factor of v and 176.
16
Let n = -57 - -114. Let g(s) = -s**2 - 4*s + 7. Let i be g(-5). Suppose -i*z = 5*f - 38, 4*z - 17 = 3*f + 59. Calculate the highest common divisor of n and z.
19
Let h = 12 + 18. Let x(z) = 28 - 5 + 0 - z. Let j be x(11). Calculate the highest common divisor of j and h.
6
Let n = -8 + 8. Suppose -4*v + 2*s + 2*s = -32, n = -v - 4*s - 12. Suppose 1 - 5 = -v*q. Calculate the greatest common divisor of 7 and q.
1
Let w = 203 + -187. Let v be 27/(2 - 58/32). What is the highest common divisor of w and v?
16
Let b(j) = -20*j**3 - j**2 - 6*j - 5. Let o be b(-1). Let i = 170 - o. Calculate the greatest common factor of i and 15.
15
Suppose -11*r - 260 = -700. What is the highest common factor of 440 and r?
40
Let w(l) = -l - 2. Let r be w(-4). Let x be (-15)/(-4) + r/8. Calculate the highest common divisor of x and 36.
4
Let l(w) = w**3 - 14*w**2 + 36*w + 27. Let z be l(11). What is the greatest common factor of 40 and z?
20
Suppose -136 = -130*y + 96*y. What is the highest common factor of y and 16?
4
Let v be 4 - (-18 + 2/1 + 4). What is the highest common divisor of v and 18?
2
Suppose 3*o = 243 - 9. Suppose o = 3*u - 282. Calculate the highest common divisor of 48 and u.
24
Let w be ((-28)/(-12))/((-7)/(-105)). Let c = w - 24. Calculate the highest common factor of c and 22.
11
Let u(x) = -x**3 + x**2 + 2*x + 1. Let g be u(-2). Suppose g*r = 7*r + 34. Let j = -19 + 206. Calculate the highest common divisor of j and r.
17
Let c = -152 + 287. Let s(z) = -z**3 - 33*z**2 - 33*z + 22. Let u be s(-32). What is the highest common divisor of u and c?
27
Suppose -p = 7*a - 3*a + 16, -4*p + 2*a = -8. Suppose 0 = -3*z + 8*z + 15, p = -2*l - z + 17. What is the greatest common factor of l and 20?
10
Suppose -z + 2*f = 12, 2*z - 6*z + 5*f = 33. Let k be (-4)/z*(-5)/2. Let n = 7 - k. Calculate the greatest common divisor of n and 6.
6
Let p = -22 - -37. Suppose -p = -5*m, -3*v - 4*m = -5*v - 14. Let y be 1/v*1 + 10. What is the highest common divisor of y and 81?
9
Let f be ((-7)/(-21))/(1/30). Let u = f + 14. Calculate the greatest common divisor of 3 and u.
3
Let u be (10/2 - 3) + 11/(-11). What is the greatest common factor of 42 and u?
1
Suppose 0 = 3*n - 6*n - 4*l + 396, 528 = 4*n + l. Suppose 0 = -z + 3*z - 2*a - 18, 4*z - 5*a = 33. Calculate the highest common divisor of n and z.
12
Suppose 63 = 2*t + n, t - 2*n = -t + 72. Calculate the highest common factor of t and 44.
11
Let x be (-20)/100 - (-302)/10. Suppose -3*t - 3*t + x = 0. Suppose 0 = 5*r - 3*j - 2*j - t, -5*r = -j - 9. What is the highest common factor of r and 2?
2
Let c = 5 + -1. Let a be 17/c + (-2)/8. Let q be (1 + -45 - 0)*-1. Calculate the greatest common factor of a and q.
4
Let y be 10/((-2)/1 + 4). Suppose y = -5*l, 5*k + 36 - 172 = l. Calculate the highest common divisor of 9 and k.
9
Let x be (10 + -12)/(2/(-4)). Suppose 0 = x*s - s - 12. Suppose s*p = 2*a + 536, 6*a - 548 = -4*p + 2*a. What is the greatest common factor of 15 and p?
15
Suppose 8 = -8*r + 56. Suppose -17 = 5*u - r*u. Let o = 30 - u. Calculate the highest common factor of o and 117.
13
Suppose 0 = 2*s + 3*s - 45. Let d be 177/5 - (-4)/10*-1. Let v = s + d. Calculate the highest common factor of v and 4.
4
Suppose -2*d + 32 = -4*a, -3*d - 2*a = -a - 76. Let u be 4 - 1 - (0 + 1). Let f be 1*-4*u*-12. Calculate the greatest common divisor of f and d.
24
Suppose 0 = 2*w + 179 + 31. Let n be ((-4)/6)/((-7)/w). Let t be (44/n)/(3/(-105)). What is the highest common divisor of t and 14?
14
Let w be 14/35*(-45)/(-3). Let z be 48/(-8)*(-10)/4. Calculate the highest common factor of z and w.
3
Let o be 2/6*9*-31. Let r = o + 65. Let h be 2/7 - 608/r. What is the highest common divisor of h and 154?
22
Suppose 3*w + 4*u = 152, 0 = 7*w - 3*w - u - 190. Suppose 47 = 7*c - 16. Suppose -13*r + 96 = -c*r. Calculate the highest common divisor of w and r.
24
Let i(f) = -159*f - 746. Let r be i(-16). Calculate the greatest common factor of 58 and r.
58
Let d = 3 - 12. Let y = d - -19. Calculate the highest common factor of 110 and y.
10
Suppose 25*c - 1987 - 913 = 0. What is the highest common factor of 145 and c?
29
Suppose -2*p + 151 = -47. Suppose 0 = 10*g - 8*g - 22. Calculate the highest common divisor of p and g.
11
Suppose -8*i = -12*i + 168. Calculate the highest common divisor of i and 224.
14
Suppose -t = -2 - 0. Let n = 17 + -12. Suppose -4 = -n*i + 6. What is the greatest common factor of t and i?
2
Let a = 625 - 550. Calculate the highest common divisor of a and 30.
15
Let j(v) = -v**3 - 9*v**2 + v + 37. Let f be j(-9). Calculate the greatest common divisor of f and 4844.
28
Let r = 1 + 2. Let y(c) = 3*c + 2. Let j be y(r). Suppose 4*x - 5*t = 152, 116 = 4*x + 3*t + t. Calculate the highest common factor of j and x.
11
Suppose -z = 4*w - 355, 5*w + 10*z - 5*z - 425 = 0. Calculate the greatest common factor of 10 and w.
10
Suppose 5*z - 6*f = -5*f - 3, 6 = 2*f. Let q(n) = n + 6. Let s be q(z). What is the greatest common divisor of 42 and s?
6
Suppose 4*n + g - 235 = 2*g, -2*g - 180 = -3*n. What is the highest common factor of n and 29?
29
Let b(s) = -4*s**2 - 10*s + 11. Let p be b(-8). Let q be (-582)/(-16) + p/440. Let z = 3 - -6. What is the highest common factor of q and z?
9
Suppose -9*m = 5*m + 28. Let r be 6/6 - 322/m. Calculate the highest common factor of 18 and r.
18
Let n be 4*1/(-7) + 3775/175. What is the highest common divisor of 170